{"id":858,"date":"2024-08-20T08:36:02","date_gmt":"2024-08-20T11:36:02","guid":{"rendered":"https:\/\/qualibee.com.br\/?post_type=product&#038;p=858"},"modified":"2024-08-20T10:52:39","modified_gmt":"2024-08-20T13:52:39","slug":"da-ovelha-ao-queijo-2","status":"publish","type":"product","link":"https:\/\/qualibee.com.br\/index.php\/product\/da-ovelha-ao-queijo-2\/","title":{"rendered":"Curso da Ovelha ao Queijo"},"content":{"rendered":"<h2 style=\"text-align: center;\">Curso Online: Da Ovelha ao Queijo<\/h2>\n<p style=\"text-align: justify;\">Este curso \u00e9 recomendado para novos produtores que desejam se aprofundar no assunto, quanto para aqueles que j\u00e1 come\u00e7aram e gostariam de aprimorar seus conhecimentos t\u00e9cnicos. O curso aborda:<\/p>\n<p style=\"text-align: justify;\">\u2022 Cuidados com as Ovelhas: Principais pr\u00e1ticas de manejo para garantir a sa\u00fade e o bem-estar das suas ovelhas. Este cap\u00edtulo aborda desde as infraestruturas essenciais at\u00e9 as boas pr\u00e1ticas de ordenha.<br \/>\n\u2022 Produ\u00e7\u00e3o de L\u00e1cteos: Particularidades do leite de ovelha, receitas e t\u00e9cnicas para a fabrica\u00e7\u00e3o de queijos e outros derivados l\u00e1cteos. Inclui dicas pr\u00e1ticas para a matura\u00e7\u00e3o e conserva\u00e7\u00e3o dos produtos.<br \/>\n\u2022 Custos e Investimentos: Entenda o planejamento financeiro detalhado e an\u00e1lise completa dos investimentos e custos necess\u00e1rios para iniciar a atividade de ovinocultura leiteira. Este cap\u00edtulo ajudar\u00e1 voc\u00ea a fazer um planejamento financeiro s\u00f3lido e sustent\u00e1vel.<\/p>\n<p style=\"text-align: justify;\">Participe para adquirir conhecimento diretamente de profissionais do campo, estudar no seu pr\u00f3prio ritmo e receber suporte especializado. Inscreva-se agora e transforme sua paix\u00e3o em um neg\u00f3cio pr\u00e1tico, produtivo e prazeroso!<\/p>\n<p><strong>M\u00f3dulo 1<\/strong> &#8211; Princ\u00edpios da cria\u00e7\u00e3o e produ\u00e7\u00e3o do leite de ovelha<br \/>\n<strong>M\u00f3dulo 2<\/strong> &#8211; Particularidades e caracter\u00edsticas do leite de ovelha<br \/>\n<strong>M\u00f3dulo 3<\/strong> &#8211; Iniciando a fabrica\u00e7\u00e3o com derivados fermentados<br \/>\n<strong>M\u00f3dulo 4<\/strong> &#8211; Evoluindo na fabrica\u00e7\u00e3o de queijos.<br \/>\n<strong>M\u00f3dulo 5<\/strong> &#8211; Planilha de custos de produ\u00e7\u00e3o do leite e dos derivados l\u00e1cteos de ovelha<\/p>\n<p><iframe src=\"https:\/\/docs.google.com\/forms\/d\/e\/1FAIpQLScPsLButYtIz4xHz9_7t-hTPtxhJThKS_uL6B8JBQhymmn_Rw\/viewform?embedded=true\" width=\"700\" height=\"520\" frameborder=\"0\" marginheight=\"0\" marginwidth=\"0\">Carregando\u2026<\/iframe><\/p>\n","protected":false},"excerpt":{"rendered":"<p>Aprenda tudo sobre a ovinocultura leiteira, desde os cuidados essenciais com as ovelhas at\u00e9 a produ\u00e7\u00e3o dos principais produtos l\u00e1cteos.<\/p>\n","protected":false},"featured_media":869,"comment_status":"open","ping_status":"closed","template":"","meta":[],"product_brand":[],"product_cat":[25],"product_tag":[],"class_list":{"0":"post-858","1":"product","2":"type-product","3":"status-publish","4":"has-post-thumbnail","6":"product_cat-cursos","8":"first","9":"instock","10":"shipping-taxable","11":"product-type-simple"},"_links":{"self":[{"href":"https:\/\/qualibee.com.br\/index.php\/wp-json\/wp\/v2\/product\/858","targetHints":{"allow":["GET"]}}],"collection":[{"href":"https:\/\/qualibee.com.br\/index.php\/wp-json\/wp\/v2\/product"}],"about":[{"href":"https:\/\/qualibee.com.br\/index.php\/wp-json\/wp\/v2\/types\/product"}],"replies":[{"embeddable":true,"href":"https:\/\/qualibee.com.br\/index.php\/wp-json\/wp\/v2\/comments?post=858"}],"wp:featuredmedia":[{"embeddable":true,"href":"https:\/\/qualibee.com.br\/index.php\/wp-json\/wp\/v2\/media\/869"}],"wp:attachment":[{"href":"https:\/\/qualibee.com.br\/index.php\/wp-json\/wp\/v2\/media?parent=858"}],"wp:term":[{"taxonomy":"product_brand","embeddable":true,"href":"https:\/\/qualibee.com.br\/index.php\/wp-json\/wp\/v2\/product_brand?post=858"},{"taxonomy":"product_cat","embeddable":true,"href":"https:\/\/qualibee.com.br\/index.php\/wp-json\/wp\/v2\/product_cat?post=858"},{"taxonomy":"product_tag","embeddable":true,"href":"https:\/\/qualibee.com.br\/index.php\/wp-json\/wp\/v2\/product_tag?post=858"}],"curies":[{"name":"wp","href":"https:\/\/api.w.org\/{rel}","templated":true}]}}